+ 55 + -63 + 18.
18
Evaluate (267 - 278) + (53 - 0).
42
Calculate -453 + 475 - (13 + 1).
8
Calculate -53 + 95 + 59 - 18.
83
What is -55 - (-9 + -1) - (-7 + 19 + -20)?
-37
Calculate 52 - 16 - 60 - -39.
15
Calculate 70 + (-5 + 1 - -2 - (-3 + -3)).
74
-97 + (25 - -2) + 0 + 30
-40
What is the value of 32 + 1 + 1804 + -1843 + 1 + -17?
-22
Evaluate (-12 + 4 - (13 + -14)) + (6 - (-7 + -3)).
9
Calculate -287 + (-296 - -544) + (1 - 34).
-72
What is the value of -26 + 31 + (10 - 110) + 19?
-76
What is the value of (7 + -17 - (-20 - -35)) + 1?
-24
Evaluate 928 - 987 - (-79 - -3).
17
What is the value of 6 + (-7 - (19 - 31 - -2))?
9
Evaluate -14 - (-11 + 10) - (14 + -10 + 6).
-23
What is the value of 9 + -46 + -1 + -15 + 7 - 7?
-53
What is the value of -648 - -656 - (-98 - (0 + -1) - (-45 + 43))?
103
What is the value of (12 + -18 - -12) + -41 - (2 - 2 - -5)?
-40
Evaluate (52 - 51) + 19 + -60 + 1.
-39
What is the value of 5 + (16 - (6 + (19 - -2)))?
-6
Evaluate -75 + -21 + -7 + 22 + 16.
-65
47 - (158 + (-122 - -56))
-45
What is -2 - -12 - (-25 - (39 - 61)) - 6?
7
-18 + 33 + -61 + 33
-13
-14 + (38 - (41 + 39)) - (19 + -1)
-74
Evaluate -54 - 6 - -17 - (145 + -295).
107
Evaluate -16 - (2 - -13) - (-174 + 137).
6
What is (-2 + -7 - (49 - 108)) + -12 + 3?
41
Evaluate (-3318 - -3355) + 10 + 1 + 5.
53
What is 6 - -1 - (-13 + 0 - (-102 + 80 + -124))?
-126
13 + (3 - -17) - ((5 - 15) + 1)
42
What is (0 + 1 - -3) + (-217 + 229 - -7)?
23
What is -29 + 2 - (-813 - -796)?
-10
What is -10 + (34 - 10) + (-124 - -43)?
-67
Calculate 4 + -43 + (-851 - -845).
-45
Evaluate -12 - ((7 - 13 - -25) + -18).
-13
What is the value of -11 + 87 + (527 - 557)?
46
-851 - -861 - (36 + 3)
-29
What is -26 - (-112 - (-30 + 16))?
72
Evaluate 1 - (0 - -25) - ((3 - 45) + 43) - -7.
-18
Calculate (9 - 3 - (18 - (44 + 4))) + -8.
28
-5 - ((17 - 31) + (7 + 7 - 5))
0
What is -9 + -12 + (45 - 43) + 0?
-19
Evaluate -13 + 1 - (-124 + (101 - 104)).
115
-20 + -31 + (13 - -3) + -3
-38
Evaluate 0 - 18 - (-895 + 896).
-19
What is the value of -81 + 86 + -5 + -2 + 0 + 30?
28
Evaluate 14 + (-7 - (34 - (-7 + 9))) - -4.
-21
Evaluate 5 + (28 - 42 - -101) + -13.
79
Evaluate -54 - ((-8 - 26) + -2).
-18
Evaluate (-9 + 9 - 19) + 67 + (3 - -1).
52
(-20 + -8 + 24 - -10) + -6 + -2
-2
What is the value of -13 + 6 - 17 - (-10 + -3)?
-11
Evaluate 67 - (-9 + 2 - 1 - (-11 + 8 - 8)).
64
Calculate 280 - 250 - (72 - -2) - -7.
-37
What is 147 + (-110 - (135 + -197))?
99
What is the value of 7 + -35 + 2 + 0 + (-2 - 5)?
-33
What is (-1 - 58 - -7) + (70 - (40 - -11))?
-33
Calculate -1 - (-3 - 6) - (7 + 1 - (-44 + -6)).
-50
What is the value of -14 - (8 - (15 + (-6 - -8) + 2)) - 60?
-63
What is (-3 - 3) + 10 + -93 - (24 - (46 + -19))?
-86
What is the value of 74 + 109 + -82 - 41?
60
What is the value of -2 + 54 - (7 + 9 + -37 + 30)?
43
What is -36 - (33 - 11 - (144 - 3))?
83
(-67 - (3 - (-13 - -6))) + 6 + 4 + -6
-73
Calculate (51 - -5) + 100 + -43.
113
Evaluate (-2 + 0 - (-1 - -2)) + -139 + 103.
-39
1244 + -1056 + -3 + -92
93
Evaluate (56 - -11) + (-29 + 2 - -11).
51
107 + 47 + -141 + -107
-94
What is the value of 39 + (-33 - (-25 + 8)) + -52?
-29
What is (1381 - 1361) + (-61 - 2)?
-43
What is the value of -60 + 100 + -168 + 100?
-28
Calculate 84 - 30 - 46 - -33.
41
What is (59 - 3) + -707 + 688?
37
Evaluate -126 - (-240 - -88 - -130).
-104
Evaluate 99 + 25 + -133 + 56.
47
What is (5 + 2 - (-9 - 9)) + (-15 - -10 - -15)?
35
Evaluate (23 + -1 - (-104 + 112)) + (61 - 3).
72
What is 27 + -11 - 51 - -27?
-8
What is -38 - -42 - (-1 - (8 + 1)) - 9?
5
What is the value of -36 - (58 - 103) - -67?
76
Calculate (4 - 4) + 2 + (-530 - -493).
-35
What is 19 - (2 + (9 - 4)) - -24?
36
Calculate (64 - 71 - -19) + 1 + 6.
19
What is the value of -1 + 12 + -4 - (-15 + 93) - 0?
-71
3 - (14 + -40 + 1 + (-16 - -4) - -7)
33
What is the value of -12 + -78 - (-49 - (25 + -52))?
-68
(-9 - (-15 - 16 - -34)) + 115
103
Evaluate -9 + 21 + -22 + 49 + -47 + 24.
16
What is 5 + (0 - (7 + 4)) + -30 + 7?
-29
Evaluate (-2 - (-2 + 0)) + (5 - -5) + 25.
35
What is -37 + (-71 - 104) + 105 - (11 - (0 - 1))?
-119
(-72 - -35) + (-1 - -6) + 0 + -16
-48
What is the value of 42 - (23 - -17 - 19)?
21
Evaluate 64 + -4 + (0 - -2) + 89 + -92.
59
Calculate 33 + (543 - 505) + (0 - 16).
55
29 - (-1 - 16 - (-57 + 71))
60
What is 28 + (-65 - -17) + 6 + 5 - -103?
94
What is (8 - (18 + -40)) + 11 + -8?
33
2 + (5 - (-23 - -10) - (-10 - -25))
5
Calculate -1 - 3 - (-11 - -67).
-60
What is the value of (1 - 3 - 0) + -21 - (27531 - 27654)?
100
Calculate (319 - 388) + 3 + -2 + 0 + -21.
-89
Evaluate 2472 + -2465 - (-23 - 0).
30
What is the value of (-74 + 44 - -63) + -19?
14
Calculate -238 - -231 - (-1 - (-64 - 3)).
-73
What is 13 + -4 + -161 + 159?
7
What is the value of 116 + -79 + 2 + -3 + (0 - 2)?
34
Evaluate -34 - (79 - (59 + -7)).
-61
What is the value of 0 + 1 + -3 + -1 + (-1470 - -1499)?
26
Calculate 33 + (1330 - 1338 - (0 - -1 - 19)).
43
Calculate 0 - 53 - (29 - (125 - 87)).
-44
Calculate -35 - ((1 - (8 + -18 + 2 + 2)) + -8).
-34
-32 + (23 - (41 - -64))
-114
-16 - (37 + -11 - (-9 + 24))
-27
Calculate -1 - (-5 - -1) - (7364 - 7262).
-99
What is (-3 - 11) + (505 - 568)?
-77
Calculate 12 - ((-33 - 0) + -1210 + 1299 + 10 + 0).
-54
What is 11 + (-49 - (11 - ((18 - 10) + -2)))?
-43
What is the value of (-19 + 2 - -72) + 18 + -24?
49
Evaluate -34162 + 34060 - (0 + -18).
-84
What is the value of (-7 - 8) + 11 + -4 - (1 - 6) - 30?
-33
Evaluate -14 - (-12 + 8 - (-6 + -2) - 26).
8
Evaluate 782 - 776 - (68 + (-1 - -3) + -4 + 1).
-61
What is the value of 8 - (5 - (-9 + -2)) - (75 - 63)?
-20
What is the value of 50 - 41 - (82 + 0 + -8 + 9)?
-74
What is the value of -74 + 17 + 9 + 42 + 1 + (-25 - -1)?
-29
Calculate (-4 - 3) + 42 - -4 - (3 + -1) - -8.
45
50 + 4 + (-5 - 3) + 4 + -14 + 6
42
What is the value of -15 + 10 + (-18 - (9 - 3)) + 1?
-28
What is (-1 - -3 - 1) + -12 + 26 - (-3 - -53)?
-35
What is -6 + (8 - 1) + -2 - (-5 + -2 - -30)?
-24
What is the value of -28 - (-40 + 34) - (22 + -97)?
53
What is the value of 47 + 23 + -24 + -39?
7
What is the value of -47 + 103 + -50 + (-4 - (-2 - (2 + -2)))?
4
Evaluate 3 + (-25 - 0 - -6) + 18.
2
-2 + 0 - -19 - (-3 + (-7 - -8 - -12))
7
Calculate 8 + 3 - (39 + -70 + 29).
13
Evaluate -19 + (-17 - -39) - (-4 - (-33 - -2)).
-24
32 - (-26 + 43) - (1 - (0 + -9))
5
What is the value of -135 + (91 - 79) - -58?
-65
What is the value of -1777 + 1851 - (5 + 0)?
69
What is the value of -11 - -49 - 54 - (5 + 14)?
-35
What is -10 - (-5 + -2 + 6 + -2 + (-3 - 143))?
139
Calculate 0 + 3 - 2 - 53 - (-2926 - -2922).
-48
What is (-2 - (-38 + (5 - -2))) + 93 + -80?
42
What is (-10 - 0) + 7790 + -7822?
-42
6 + (-14 - (3 - -4 - -23)) - 15
-53
9 + (-22 - -16) + 10 + 10 + -7
16
What is (-3 - -35) + 233 + -293 + (-10 - -1)?
-37
Calculate 91 + (-31 + 36 - (-1 + 1 + 22)).
74
-106 - (-3036 + 3028 - (13 + 1))
-84
What is the value of (-40 - (-42 - -19) - -42) + 87?
112
What is the value of (-882 - -829) + -2 + 27?
-28
What is -955 - -1018 - (-1 + 3)?
61
Calculate (107 - (92 - -95)) + 76.
-4
Calculate -7 + 121 + (36 - (20 + 46)).
84
What is the value of (-11 - -3 - -9) + -13 - ((-15 - 2) + -5)?
10
What is 23 + (-23 - (-24 + -6) - (0 - 2))?
32
What is the value of (14 - (34 + -18)) + -22 - -10?
-14
-3 - -19 - 9 - (7 + 16 + -14)
-2
Calculate -1 + 1 + 24 - (10952 + -10915).
-13
1 + -1 + -271 + 157 + 16
-98
Evaluate (3 + -2 - 11 - (55 + -135)) + -10 - 3.
57
12 + 40 + (85 - 107)
30
Calculate 79 + -28 + (2 - 0) + (38 - (2 + 26)).
63
Calculate (-39 - (19 - 23)) + (-66 - 13).
-114
What is the value of (-39 + 30 - 29) + 28?
-10
Evaluate 7 + 29 + 27 + -19.
44
What is 1 - -52 - (2 + (2 - 3) - 9 - 2)?
63
Evaluate (-29 + -13 - -13) + 6 + -39 + 23.
-39
Evaluate (9 - (-1 + 20) - -22) + 13.
25
Calculate 2 - 4 - (-377 + 384 + (0 - 41)).
32
What is the value of 65 + -26 + 19 + -57?
1
10 - (-3 + (-21 - -43) - 22)
13
Evaluate 7 + -12 - ((3 - (-13 + 2)) + 10).
-29
What is the value of 46 - (-10 - (19 + -64 + 40 + (1 - -3)))?
55
What is the value of (-28 - -10) + 16 + (5 + -2 - -18)?
19
Evaluate -15 - ((-66 - (-7 + -2)) + (26 - 42)).
58
What is (-5 - 17) + (-1612 - -1552)?
-82
What is the value of (33 - (-7 + 6)) + (-27 - (-23 - -11))?
19
What is the value of -1 + (-4 - (-1 + -21 - -21))?
-4
Evaluate 6 - (-1